 base 6, what is -52220255 + -5?
-52220304
In base 11, what is 12 - -5799662?
5799674
In base 4, what is -10 + -3332300200331?
-3332300201001
In base 4, what is -100012 - -113010200?
112310122
In base 10, what is -2264 + -28959?
-31223
In base 15, what is 5 + ec4178d?
ec41793
In base 7, what is -1 - 5150263412?
-5150263413
In base 7, what is -5561 + 1643324?
1634433
In base 7, what is 5 + 615464014?
615464022
In base 10, what is -88436592 - 5?
-88436597
In base 7, what is 14626 - 1415?
13211
In base 5, what is 1440020 - 3441?
1431024
In base 3, what is 200211210101121110 - 11?
200211210101121022
In base 2, what is 100000001001101111 + -10000100111?
11111111001001000
In base 9, what is 200476447 - 2?
200476445
In base 11, what is 40 + -844a25?
-844995
In base 2, what is -10011001 + 1000111101101110001?
1000111101011011000
In base 8, what is 16555427 + 66?
16555515
In base 9, what is 3854 - -75533?
80487
In base 7, what is -23045 + 434?
-22311
In base 5, what is 3 - 1004341110?
-1004341102
In base 2, what is 111100001100 + -101001110101111?
-100010010100011
In base 5, what is 131310124 - 10210?
131244414
In base 11, what is -1 + -154849167?
-154849168
In base 2, what is -101001000001001 - 101010001?
-101001101011010
In base 4, what is -230 - -122022330103?
122022323213
In base 14, what is 1 - 121791c2?
-121791c1
In base 10, what is -12182169 - 0?
-12182169
In base 8, what is -161 - -126323?
126142
In base 16, what is 3 - -285505a?
285505d
In base 13, what is 2bbc + -7ac9?
-4c0a
In base 5, what is 130030442303 + 20?
130030442323
In base 10, what is 90 - -444506?
444596
In base 2, what is -1000110 - -1100000010100010100?
1100000010011001110
In base 13, what is 5 + 478444b?
4784453
In base 8, what is 3171665 + 1?
3171666
In base 5, what is 221 + -13412240?
-13412014
In base 3, what is 1212 + -110011122112020?
-110011122110101
In base 3, what is -21211200200102 - 2?
-21211200200111
In base 9, what is -116362 + 118?
-116243
In base 8, what is -4 + 243141?
243135
In base 10, what is 70262 + 85?
70347
In base 7, what is -2320532205 + -4?
-2320532212
In base 9, what is 18521155 - -45?
18521211
In base 3, what is -1001011121101 - 20021?
-1001011211122
In base 2, what is -101001100 - -100001000101?
11011111001
In base 5, what is -14424 - -3104?
-11320
In base 9, what is 13236 + 11785?
25132
In base 11, what is -98 - 34?
-121
In base 12, what is 6524a + 28?
65276
In base 5, what is 1024 + 22414442?
22421021
In base 5, what is 0 - -12133113211?
12133113211
In base 11, what is 3 + 338091?
338094
In base 14, what is -27477 - -2178?
-252dd
In base 3, what is -2101010111212101 - -12?
-2101010111212012
In base 8, what is 34240066 + 3?
34240071
In base 16, what is 7 - -96a09d?
96a0a4
In base 6, what is -23154105000 - -5?
-23154104551
In base 9, what is 17 + 3305414?
3305432
In base 7, what is -3 + -3153542?
-3153545
In base 6, what is 53433 - -2422?
100255
In base 6, what is 1051153 - 33232?
1013521
In base 12, what is 37b36a - -29?
37b397
In base 10, what is 1290049 - -3?
1290052
In base 3, what is -121102112221122 - -2002?
-121102112212120
In base 7, what is -2244422 - 36?
-2244461
In base 4, what is 2 - -2101123200100?
2101123200102
In base 6, what is 1114152 + 423?
1115015
In base 6, what is -20030110 + 2141?
-20023525
In base 10, what is -1 + 7800495?
7800494
In base 3, what is 1 - 20110202011022?
-20110202011021
In base 7, what is -1 - 231425504?
-231425505
In base 13, what is 67b411 - -5?
67b416
In base 8, what is 5542404 - -26?
5542432
In base 15, what is -7 - -b8011?
b8009
In base 7, what is -1106 - -345524?
344415
In base 4, what is 302 + 32000111?
32001013
In base 2, what is -111000011111101 + 11001101?
-111000000110000
In base 3, what is 10 + -1001221011221?
-1001221011211
In base 11, what is -4073 - 49a1?
-8a64
In base 5, what is -10340222 - -3133?
-10332034
In base 4, what is -110022023202 - 32?
-110022023300
In base 16, what is -6 + 150dc40?
150dc3a
In base 6, what is 14450205503 - 4?
14450205455
In base 7, what is 140010551 - -10?
140010561
In base 2, what is 10 - -100101010110101010101?
100101010110101010111
In base 8, what is -7 - -24163?
24154
In base 8, what is 14507 - 324?
14163
In base 14, what is 2532 - -2b4?
2806
In base 8, what is -1455376 + -5?
-1455403
In base 5, what is 424 + 223424002?
223424431
In base 3, what is 12 + -1000012201000?
-1000012200211
In base 16, what is -3 - 2d8c96?
-2d8c99
In base 7, what is 5213121 + -226?
5212562
In base 8, what is 44 + 105544661?
105544725
In base 15, what is 48 + 189700e?
1897057
In base 7, what is -6040414213 - 0?
-6040414213
In base 7, what is -13030 - 5013?
-21043
In base 6, what is -5434 - -15323113?
15313235
In base 10, what is 22341945 + 0?
22341945
In base 5, what is 13201 - -3330243?
3343444
In base 11, what is -66a1 + -a680?
-16271
In base 10, what is 963 + -12931?
-11968
In base 14, what is 54 - 3c91c9?
-3c9175
In base 3, what is -2001 - 121100110202?
-121100112210
In base 5, what is -10002231220 + 0?
-10002231220
In base 16, what is -20b15 + 340?
-207d5
In base 3, what is -1000101 - -111002121?
110002020
In base 15, what is -b45c5 + ae?
-b4516
In base 8, what is -14664151 + -105?
-14664256
In base 8, what is 3401 + -57534?
-54133
In base 7, what is 446030011 + 0?
446030011
In base 11, what is -9 + 38890935?
38890927
In base 4, what is -2101 - 10312120?
-10320221
In base 12, what is 6b + -126a4?
-12635
In base 16, what is 6eee95 - -3?
6eee98
In base 2, what is 10111100010001100100111 + 111?
10111100010001100101110
In base 7, what is -5460 + -2454220?
-2463010
In base 9, what is 21643224 - 5?
21643218
In base 13, what is 6 - -b89c05?
b89c0b
In base 4, what is 201032300303301 - -11?
201032300303312
In base 5, what is -31224413 + -113?
-31230031
In base 11, what is -373a12372 + -1?
-373a12373
In base 4, what is 33130300 - 223113?
32301121
In base 2, what is -1100000101 + -1000100100101110?
-1000110000110011
In base 6, what is -20013 + -4253?
-24310
In base 13, what is 2 - 59802?
-59800
In base 2, what is 1100 + -10011001000111110011101?
-10011001000111110010001
In base 5, what is -1440211342 - -441?
-1440210401
In base 11, what is 117375 - -22?
117397
In base 4, what is -32030200323122 + 1?
-32030200323121
In base 2, what is 10111001010 + 1001001110011110010?
1001010001010111100
In base 8, what is 14 - -7344737?
7344753
In base 10, what is -4 + 76199127?
76199123
In base 4, what is 1123 + -21111113?
-21103330
In base 5, what is 21232114 + -200?
21231414
In base 6, what is 13 - -133253250?
133253303
In base 14, what is -1 - -b9b3b8?
b9b3b7
In base 13, what is -129 - -475280?
475154
In base 10, what is -727499 - -76?
-727423
In base 11, what is -379438683 - 4?
-379438687
In base 16, what is -3f - -608ef?
608b0
In base 16, what is e7 - d5b5?
-d4ce
In base 2, what is -100101010100011101100011 + 11?
-100101010100011101100000
In base 10, what is -67498 - -165?
-67333
In base 7, what is -6 - -54052616?
54052610
In base 6, what is -15422123141 + -4?
-15422123145
In base 14, what is 5 + -db61c?
-db617
In base 16, what is -1b0 - 47f30?
-480e0
In base 5, what is 32130131102 - -2?
32130131104
In base 5, what is -1 + -10322144404?
-10322144410
In base 3, what is 0 + -12201201002202111?
-12201201002202111
In base 7, what is -50 - -4635251?
4635201
In base 2, what is -10001011011000111010111 - 10011?
-10001011011000111101010
In base 8, what is 36714 + -2627?
34065
In base 12, what is 12 + -227355?
-227343
In base 11, what is -22248a1 - -11?
-2224890
In base 13, what is -926 - -43738?
42b12
In base 10, what is -194342 - 502?
-194844
In base 10, what is -243 - -20778?
20535
In base 7, what is 13334621 + 11?
13334632
In base 9, what is -4813 + 8637?
3724
In base 6, what is -22221402 + 1323?
-22220035
In base 4, what is 132112 - 131001?
1111
In base 6, what is 4311 + -104334?
-100023
In base 2, what is -1010001000 - -101100011010100?
101011001001100
In base 13, what is cb6145 - -15?
cb615a
In base 14, what is 5d8 + -3124?
-292a
In base 15, what is -194b - 21a4?
-3b00
In base 5, what is 23 + -221342044?
-221342021
In base 16, what is -18e034 + a?
-18e02a
In base 10, what is -213 + -701943?
-702156
In base 11, what is 32 + 33435a?
334391
In base 9, what is 233 + -42463?
-42230
In base 2, what is 1110110 - 